e 8, what is -5 - -1736?
1731
In base 11, what is -14 - -3?
-11
In base 9, what is 6 + -446?
-440
In base 16, what is a - 0?
a
In base 2, what is 101 - 11100001?
-11011100
In base 8, what is -17 - -10?
-7
In base 7, what is 310 - 5?
302
In base 6, what is -5 - 105?
-114
In base 9, what is 10 + 8?
18
In base 11, what is 96 - 37?
5a
In base 3, what is 1 + -201002?
-201001
In base 4, what is -10333 - 22?
-11021
In base 3, what is -1102 + 10?
-1022
In base 14, what is -2c0b + -3?
-2c10
In base 11, what is 3 - 50?
-48
In base 4, what is -1020011 - -11?
-1020000
In base 8, what is 124 + -2?
122
In base 14, what is -4 - -46?
42
In base 10, what is 747 - -20?
767
In base 11, what is 14 + 1?
15
In base 8, what is 12160 + 2?
12162
In base 13, what is 83 + 4?
87
In base 3, what is 1 - -22122222?
22200000
In base 10, what is -2 + 141?
139
In base 4, what is -23 + -103?
-132
In base 15, what is -15c - 5?
-162
In base 5, what is 130224 + 10?
130234
In base 3, what is 2212 + 1?
2220
In base 9, what is -1 + -4610?
-4611
In base 5, what is 4 + -20244?
-20240
In base 15, what is -1c - 25?
-42
In base 5, what is 11012 + 3?
11020
In base 3, what is -12111 + 2?
-12102
In base 4, what is -10 - -302?
232
In base 3, what is 12 - 2011?
-1222
In base 3, what is 2002 - 10?
1222
In base 16, what is 35 + 3?
38
In base 7, what is -113 - -500?
354
In base 14, what is 0 - 4?
-4
In base 15, what is -8 - -11?
8
In base 4, what is 2112 - 33?
2013
In base 13, what is 19 - 3?
16
In base 7, what is -1 + 3563?
3562
In base 6, what is -4 - 1140?
-1144
In base 16, what is a2 + -3?
9f
In base 9, what is 2155 - -2?
2157
In base 3, what is 2121 + 1012?
10210
In base 2, what is 111 - 10100110?
-10011111
In base 14, what is -63a - -6?
-634
In base 4, what is -10 + 122?
112
In base 9, what is -24 - -113?
78
In base 6, what is -443 + -3?
-450
In base 4, what is -11112 + 3?
-11103
In base 11, what is -3a - -7?
-33
In base 16, what is -af5 + 2?
-af3
In base 8, what is 1 - 14?
-13
In base 4, what is -2 - -1223?
1221
In base 12, what is -1688 + 3?
-1685
In base 8, what is -33 - -715?
662
In base 2, what is 1011 - 1100001?
-1010110
In base 2, what is 100 - 100110?
-100010
In base 11, what is 8a7 - -5?
901
In base 3, what is 212001 - 1?
212000
In base 2, what is -10011010 - -1111110?
-11100
In base 15, what is -3 + -2b6?
-2b9
In base 16, what is -9 + -44?
-4d
In base 15, what is 393a + 3?
393d
In base 10, what is -12 - -4?
-8
In base 16, what is 1d - -4?
21
In base 12, what is 1 + 3b?
40
In base 7, what is -4 + 1012?
1005
In base 6, what is 125 + -324?
-155
In base 3, what is 100200 + 2?
100202
In base 16, what is 79 - 0?
79
In base 12, what is 4 - 936?
-932
In base 2, what is 100 + -101000101?
-101000001
In base 9, what is 7 + 124?
132
In base 10, what is -3 - 480?
-483
In base 9, what is -140 + -6?
-146
In base 14, what is -2 + 27?
25
In base 9, what is -1 - 416?
-417
In base 5, what is -1120 + 4?
-1111
In base 6, what is -1 - -404?
403
In base 15, what is -248 + -e?
-257
In base 3, what is 121 + -112?
2
In base 12, what is 781a + 0?
781a
In base 6, what is 11300 + 2?
11302
In base 8, what is -5 - 67?
-74
In base 9, what is 3 + 127?
131
In base 15, what is -2 - 603?
-605
In base 9, what is -2 - -36?
34
In base 4, what is 202 - -1111?
1313
In base 6, what is 540043 - 1?
540042
In base 12, what is -750 - -5?
-747
In base 4, what is 111302 - 2?
111300
In base 8, what is 3 + -4?
-1
In base 10, what is -42 + 63?
21
In base 8, what is 11 + 752?
763
In base 12, what is -534 + 1?
-533
In base 5, what is 2 + -14401?
-14344
In base 2, what is -111111111 - 10?
-1000000001
In base 6, what is 13 - -25?
42
In base 6, what is 1 - 225?
-224
In base 12, what is 0 - -1195?
1195
In base 14, what is 4 - 0?
4
In base 10, what is -3 - -1442?
1439
In base 10, what is -35 - -6?
-29
In base 5, what is 14 - -1434?
2003
In base 4, what is 11 - 2301?
-2230
In base 10, what is -3869 + -4?
-3873
In base 16, what is -46 + 7b?
35
In base 14, what is 33 - -1a2?
1d5
In base 3, what is -100 + 1110112?
1110012
In base 9, what is -1 - 83?
-84
In base 9, what is 1725 - 0?
1725
In base 10, what is -2 - 183?
-185
In base 2, what is 100 - -11010110?
11011010
In base 3, what is -12 + -12221?
-20010
In base 16, what is a0 + 3?
a3
In base 14, what is -3 - 2c?
-31
In base 4, what is 11 - -31?
102
In base 2, what is -11010111100011 - 101?
-11010111101000
In base 6, what is -40 + -35?
-115
In base 11, what is 4 + -10?
-7
In base 7, what is 116 - 4?
112
In base 4, what is 1 - 0?
1
In base 13, what is 9 + -436?
-42a
In base 13, what is 515 + -1?
514
In base 14, what is 8a + -13?
77
In base 14, what is -7 + c4?
bb
In base 5, what is -13 + 1004?
441
In base 4, what is -10 - 30?
-100
In base 10, what is -34 - 1?
-35
In base 10, what is 7 + -361?
-354
In base 3, what is -1120000 + 120?
-1112110
In base 9, what is -111 - 47?
-158
In base 7, what is -1 - -202?
201
In base 3, what is -10 - -2012?
2002
In base 9, what is 2734 - 2?
2732
In base 16, what is -d + -13e?
-14b
In base 13, what is -22 + 1bb?
199
In base 13, what is -3 + 9c3?
9c0
In base 11, what is 180 - 1?
17a
In base 14, what is 4 + -59?
-55
In base 12, what is 132 - -5?
137
In base 11, what is -22 - 3a?
-61
In base 14, what is 1a5 - -24?
1c9
In base 8, what is 3 + 31?
34
In base 15, what is -13 - 12?
-25
In base 10, what is 3 + 29?
32
In base 15, what is -1 - -57?
56
In base 6, what is -15 - -40?
21
In base 9, what is -3 - 155?
-158
In base 13, what is b83 + -4?
b7c
In base 13, what is -7c5 - 3?
-7c8
In base 5, what is 40 - 414?
-324
In base 3, what is 10 - 101?
-21
In base 11, what is 1 - 10a?
-109
In base 16, what is 4 - -35?
39
In base 10, what is 33 + 3?
36
In base 11, what is 20 + 11?
31
In base 16, what is -61e + 0?
-61e
In base 7, what is 1024 - 3?
1021
In base 6, what is 5 + -4253?
-4244
In base 12, what is -5 + -70?
-75
In base 9, what is 835 - 4?
831
In base 6, what is 2020 + -102?
1514
In base 15, what is a + -a?
0
In base 4, what is 20 - -123?
203
In base 4, what is -1 - -332321?
332320
In base 10, what is 5 + -578?
-573
In base 8, what is 404 - 6?
376
In base 5, what is 2140 - 0?
2140
In base 12, what is 116 - -7?
121
In base 10, what is 1 + 25?
26
In base 7, what is -520 - -1?
-516
In base 8, what is 1 - 67?
-66
In base 16, what is 5 + cf2?
cf7
In base 9, what is 1 + -28?
-27
In base 14, what is 1b9 + 6?
1c1
In base 16, what is 116 - -5?
11b
In base 7, what is 14465 - -5?
14503
In base 14, what is a6 + 4?
aa
In base 3, what is -2 - 220?
-222
In base 3, what is -12 + 11010222?
11010210
In base 4, what is -331101 - -3?
-331032
In base 2, what is -101 + 10110000?
10101011
In base 5, what is 32401 + -4?
32342
In base 14, what is -36 + 1?
-35
In base 10, what is 11 - 47?
-36
In base 2, what is -100 - -1011011001?
1011010101
In base 5, what is 41 - 1?
40
In base 9, what is -2 - 112?
-114
In base 5, what is 3 + -11010?
-11002
In base 11, what is 172 - 0?
172
In base 14, what is -203 + 1?
-202
In base 13, what is -2 - 3?
-5
In base 15, what is 33ac - -3?
33b0
In base 16, what is -9 - 2?
-b
In base 9, what is 1458 + -3?
1455
In base 10, what is 12 - -7?
19
In base 6, what is -150 + 14?
-132
In base 8, what is -61 + 10?
-51
In base 10, what is -5 - -1624?
1619
In base 9, what is 2 + 70?
72
In base 5, what is -1 - 231?
-232
In base 14, what is 2dd + 5?
304
In base 6, what is -3 - -133?
130
In base 16, what is 118 + a?
122
In base 15, what is -3 - -106?
103
In base 12, what is 1 - a?
-9
In base 8, what is 150 - 116?
32
In base 6, what is 2205 + -5?
2200
In base 2, what is -1110101011 + -110?
-1110110001
In base 5, what is -4223 + -2?
-4230
In base 12, what is -3 - 333?
-336
In base 9, what is -6433 + -2?
-6435
In base 8, what is -37 + 106?
47
In base 10, what is -734 - 3?
-737
In base 11, what is 335 + -5?
330
In base 7, what is 12 + 3503?
3515
In base 14, what is -46 - 4?
-4a
In base 15, what is 9a + -a?
90
In base 3, what is -1022121 - -2?
-1022112
In base 8, what is 24 - 56?
-32
In base 4, what is 1332 + 2?
2000
In base 8, what is 116 - 2?
114
In base 4, what is -1001222 + -2?
-1001230
In base 5, what is 1321342 - 1?
1321341
In base 9, what is 2 + -10445?
-10443
In base 14, what is 1 - -375?
376
In base 11, what is 1 + -19a5?
-19a4
In base 9, what is -2 + 801?
788
In base 13, w